 Let c = 55 - z. What is the remainder when r is divided by c?
3
Calculate the remainder when (-4)/(-8) - -466*(-3)/(-12) is divided by ((-50)/(-20))/(1/12).
27
Suppose 2*j + 7*v = 2*v + 245, 2*j = v + 263. Calculate the remainder when j is divided by 11.
9
Suppose 2 = -0*g + g. Suppose -3*x + 235 = g*x. Calculate the remainder when x is divided by (-18)/(-4)*(-16)/(-6).
11
Let k(i) = 143*i**2 - i. What is the remainder when k(-1) is divided by 3 + -2 - -5 - -23?
28
Calculate the remainder when 112 is divided by 228/836 + 654/22.
22
Suppose 3*h + 0*h - r + 82 = 0, -4*h + 2*r - 106 = 0. Let j = -21 - h. Calculate the remainder when 13 is divided by j.
5
Calculate the remainder when (-2)/(-6) - -2*17940/36 is divided by 10.
7
What is the remainder when 1782/33 + -3*1 is divided by 41?
10
Suppose 5*m = m. Let j be -5*(-4)/4 + m. Suppose 0*f + j*f - 85 = 0. Calculate the remainder when f is divided by 5.
2
Let o(m) = 12*m - 72. Let h be o(6). Calculate the remainder when 5 is divided by (24/(-8)*1)/(h - 1).
2
Let p(z) = -13*z - 2. Let s be (95/(-2))/(3/(-12)). Suppose 0 = 5*v + 3*a - 479, 5*a = 3*v - s - 77. What is the remainder when v is divided by p(-2)?
22
Let h = -106 - -104. What is the remainder when 118 is divided by h + 3 - 2 - (-1 + -8)?
6
Suppose 19*l - 1770 = 4*l. Calculate the remainder when l is divided by 40.
38
Let d(j) = 13*j + 34. Calculate the remainder when 14 is divided by d(-2).
6
Suppose 13 - 73 = -12*h. Calculate the remainder when 324 is divided by h.
4
Suppose 5*g - 11 = -6. Calculate the remainder when 86 is divided by (-1 + 1)*g - -11.
9
Suppose 0 = -5*i + 49*i - 36564. Calculate the remainder when i is divided by 120.
111
Let c = -442 - -463. Calculate the remainder when 247 is divided by c.
16
Let f(l) = 3*l - 2. Let n be 30/(-4)*(-8 - -10). Let k = n - -78. What is the remainder when k is divided by f(6)?
15
Suppose 29 + 4 = -3*z. Let v(f) = -f - 9. Suppose n + 1 = 5. Calculate the remainder when n is divided by v(z).
0
Suppose 0 = 3*h - 0 - 21. Let c = 2098 + -2084. What is the remainder when c is divided by h?
0
Let i(h) be the second derivative of h**4/2 - 2*h**3/3 - 3*h**2 - 6*h. Let a = -46 + 71. Calculate the remainder when i(4) is divided by a.
24
Let a = -61 + 61. Let f(x) = x**2 + x + 14. What is the remainder when 82 is divided by f(a)?
12
Suppose 2*x = -0*x + 10, -3 = -v + 2*x. Calculate the remainder when 476 is divided by v.
8
Let h be -7 + 6 + 1*21. Suppose 5*c + h = 0, 0*n - 2*n + 5*c + 196 = 0. Let w = n + -60. What is the remainder when 83 is divided by w?
27
What is the remainder when 146 - (-21)/14*6 is divided by 46?
17
Suppose 2*x + 2*o = 70, -5*x - 133 = -9*x + 3*o. Calculate the remainder when 915 is divided by x.
31
Let b(m) = 3 + 10*m - 15*m - 1. What is the remainder when b(-8) is divided by 2/3 - 86/(-6)?
12
Suppose -399*g = -390*g - 2673. What is the remainder when g is divided by 30?
27
Suppose -142*y + 113*y + 870 = 0. Calculate the remainder when 141 is divided by y.
21
Suppose 0 = -2*n - 3*n. Let f(a) = -a**2 + a + 10. Calculate the remainder when 37 is divided by f(n).
7
Calculate the remainder when (12*-1)/(66/(-1100)) is divided by 14.
4
Let f = -321 - -354. What is the remainder when 98 is divided by f?
32
Suppose -130 = -3*u + 383. Let p = u + -91. Suppose p = 3*r + r. What is the remainder when r is divided by 7?
6
Let v = -420 - -431. What is the remainder when 196 is divided by v?
9
Let u = -40 + 78. Suppose 7*g - 130 = u. Suppose 252 = 5*i - 98. Calculate the remainder when i is divided by g.
22
Let u be 40/15*261/(-6). Let f = -61 - u. Let v(x) = -4*x - 5. Calculate the remainder when f is divided by v(-6).
17
Let f(p) = 4*p + p - 7*p. Let j = 65 + -59. Calculate the remainder when f(-7) is divided by j.
2
Let w = -167 - -216. Calculate the remainder when w is divided by 6.
1
Let d = -27 - -65. Let c(t) = -2*t + 18. Let f(w) = -2*w + 17. Let s(b) = -4*c(b) + 5*f(b). Calculate the remainder when d is divided by s(0).
12
Suppose 4*y + 12 = 2*n, 5*n + 0*y = -4*y + 86. What is the remainder when 52 is divided by n?
10
Let j(p) = -8*p + 10. Let l(t) = 2*t**2 - 6*t - 3. Let a = -12 + 17. Calculate the remainder when j(-5) is divided by l(a).
16
Suppose -5*y = -31 - 4. What is the remainder when (-517)/(-22) - 5 - (-1)/(-2) is divided by y?
4
Let o = -5 + 7. Suppose o*x = 5*x - 39. Calculate the remainder when 62 is divided by x.
10
Suppose 3*p - 364 = -4*f, p + 72 = 68. Suppose 2*o + 38 = 2*v, -3*v + 5*o - 73 = -5*v. What is the remainder when f is divided by v?
22
Let o = -221 - -284. What is the remainder when o is divided by 1?
0
What is the remainder when 56 is divided by (-1)/5 + 505*11/275?
16
Suppose 5 + 11 = 4*d. Suppose -17 = d*f + r - 52, -2*f + 2*r = -30. What is the remainder when 14 is divided by f?
4
Let y = -100 + 200. Calculate the remainder when y is divided by 51.
49
Suppose -6*g + 2*g = 32. Let w be (-122 + 0)/(g - -6). Suppose 2*n + 3*n - w = 2*r, 4*n - 38 = -2*r. What is the remainder when 85 is divided by n?
8
Suppose -3*w + 0*b = 2*b - 69, -4*b = 0. Suppose 89*i - 35 = -4*q + 88*i, 4*q - 5*i - 17 = 0. Calculate the remainder when w is divided by q.
7
Let j(l) = 2*l**2 - 39*l + 92. Calculate the remainder when j(20) is divided by 61.
51
Let o(p) = 10*p**2 - 2*p - 2 - 17*p**2 - 5*p + 8*p**2. Let v(t) = -t**3 + 6*t**2 + 7*t + 9. Let l be v(7). What is the remainder when 46 is divided by o(l)?
14
Suppose 2*k - 19 - 5 = 0. What is the remainder when (-14)/3*216/(-48) is divided by k?
9
Suppose 0 = 21*s + 10*s - 2263. What is the remainder when s is divided by 73?
0
Let j = 55 - 38. Suppose 0 = 4*a - 57 + 33. Calculate the remainder when j is divided by a.
5
Suppose 2*k + 4145 + 1685 = -4*r, -3*r - 4*k - 4360 = 0. What is the remainder when (98/(-5))/((-1)/5) is divided by 4/(-22) - r/44?
32
Suppose 4 = -a + 8. Suppose -5*v - 6*q = -2*q - 303, -2*q = a*v - 240. Calculate the remainder when v is divided by 15.
14
Suppose 0 = 65*i - 70*i + 370. Let g = 15 + 23. Calculate the remainder when i is divided by g.
36
Let f be 6*(-1 + 2)/(-2). Suppose -214 = -5*h - 49. Calculate the remainder when h is divided by (-2 - f)/(10/170).
16
Calculate the remainder when 158 is divided by -2*(-64)/(-10)*(-15)/6.
30
Suppose -35*s + 18*s + 3740 = 0. Calculate the remainder when s is divided by 17.
16
Calculate the remainder when 2506 is divided by (0 + (-1 - 1))/((-28)/462).
31
Let c = 116 - 82. Suppose 3*i = 3*t - 618, -i + 2*i = 4*t - 830. What is the remainder when c is divided by t/24 + 3 + 1/3?
10
Suppose -5 = l, 2*p + l + 5 = -p. Suppose p*r + 44 = 4*r. What is the remainder when r is divided by 7?
4
Let m(v) = 13*v - 390. What is the remainder when 440 is divided by m(32)?
24
Let j(w) = -w**3 + 10*w**2 + 3*w - 10. Suppose 5*p - 65 = -5*h, -4*h + 59 - 13 = 2*p. Calculate the remainder when j(10) is divided by (14/5)/(4/h).
6
Suppose 0 = -5*m + h + 20, -21 = -4*m + 2*m + 3*h. Suppose 0*d - m*d - 31 = -2*l, -5*d = -3*l + 46. Calculate the remainder when l is divided by 6.
5
Let l = 39 - 32. Suppose 9 = 2*h + i, 4*i + 31 - l = 4*h. Calculate the remainder when 12 is divided by h.
2
Let p = -57 + 49. What is the remainder when 41 is divided by (p - -4) + 7 - -21?
17
Let r(b) = b + 7. Suppose 0 = y + 5*a - 53, -a + 3*a = 2*y - 58. What is the remainder when y is divided by r(0)?
5
Let z(p) = -p**3 - 6*p**2 - 3*p - 33. Calculate the remainder when (-1070)/4*(-4)/10 is divided by z(-7).
33
Let m be (3 - (0 - -7)) + (12 - 3). Suppose m*z - 66 = -t, 3*t - 148 = z - 30. What is the remainder when t is divided by 21?
20
Calculate the remainder when 21 is divided by 6*(10/8)/(10/12).
3
Suppose 152 + 184 = 16*x. Let v = 84 + -25. Calculate the remainder when v is divided by x.
17
Let s(m) = 2*m**3 - 2*m**2. Let d be s(3). Suppose r - d = -r. Suppose -17 = -8*f + 39. What is the remainder when r is divided by f?
4
Suppose 5*h - 4 = 1. Suppose 2*g - 23 = -h. Let m(o) = -o**3 + 8*o**2 + 12*o - 7. Calculate the remainder when m(9) is divided by g.
9
Calculate the remainder when 1/4 + (-81)/(-12) is divided by ((-15)/(-42))/(10/35)*4.
2
Let x(q) = -2*q + 109. Calculate the remainder when x(28) is divided by 28.
25
Let v = -1101 - -1130. Let f = -20 + 28. Calculate the remainder when v is di